q(d) = 3*d + 5. Let p(f) = 3*q(f) - 2*u(f). Suppose 16 = -3*s - 29. Let c = s + 10. Give p(c).
0
Let y(r) = r - 7 - 15 + 11. Give y(6).
-5
Let q(n) = -n**2 - 5*n - 4. Let v be q(-3). Let x(a) = -3*a**v - a + 6*a + 2*a + 4*a**2. Give x(-7).
0
Let j(d) be the second derivative of -d**3/6 - 7*d**2/2 + d. Let m(g) = g + 1. Let p be m(3). Suppose -3*s - p = 11. Give j(s).
-2
Let n(k) = -k**3 + 15*k**2 + k + 10. Let r(c) = -2*c**3 + 16*c**2 + c + 10. Let i(t) = 3*n(t) - 2*r(t). What is i(-13)?
-3
Let o(j) = -1 - 200*j - j**2 + 101*j + 3 + 98*j. Calculate o(4).
-18
Let j(t) be the second derivative of -t**3/3 - 2*t**2 + t. Let y(w) = -1 + 2*w + 4 - 8*w + w**2. Let h be y(4). What is j(h)?
6
Let a(g) = -g + 1. Let u be a(-8). Let v(l) = l - u*l + 7*l. Calculate v(4).
-4
Let r(z) be the first derivative of -z**4/4 + 5*z**3/3 + 5*z**2/2 + 5*z - 6. Calculate r(6).
-1
Suppose 3*x - 1 = -13. Let h(d) = d + 13. Let g be h(-6). Let t = x + g. Let q(k) = -k**2 + 3*k + 1. Give q(t).
1
Let r(p) = -p + 7. Suppose -2*m - 16 + 6 = 0. Determine r(m).
12
Let b = 72 - 77. Let a(f) = -5*f**2 - 5*f - 2. Let c(v) = 6*v**2 + 5*v + 2. Let p(m) = -5*a(m) - 4*c(m). What is p(b)?
2
Suppose 3*o + 2*o = 10. Let a(m) = -4*m - 3 + o + 0*m. Give a(-1).
3
Let w(m) = -2*m**2 - 15 - 20 - 20 - m**3 + m + 54. Calculate w(-2).
-3
Let x = -41 - -36. Let b = 1 + 0. Let m(l) = 2 - 7*l + b - 4 - l**2. Calculate m(x).
9
Let u(i) be the second derivative of -i**5/20 + 5*i**4/12 - i**3/2 - 9*i. Suppose -x - 4 + 0 = 0. Let j(h) = h**2 + 3*h. Let c be j(x). What is u(c)?
4
Let i(l) be the first derivative of l**2/2 + 2*l + 1. Suppose -s - 5 + 7 = 0. Suppose f - s = -0. Determine i(f).
4
Let v(s) = -3*s**2 - 2*s + 1. Suppose -4 + 3 = a. Let t be -2 + (-3)/(-3) + a. What is v(t)?
-7
Let s(h) = 2 - 3*h + 1 + h. Suppose -i - 4*i = -10. Determine s(i).
-1
Suppose 2 + 8 = 5*p. Let s(u) = -p + 3*u - 6*u - 2 + 10. Determine s(4).
-6
Suppose 0 = -3*n - 2*n + 10. Let r(s) = -1 - 2*s + 0 - n. Calculate r(-3).
3
Let o be 0 - 5/((-10)/3). Let i(g) be the first derivative of -2/3*g**3 - 1/4*g**4 - g + 1 + o*g**2. Give i(-3).
-1
Let g(y) = -y**2 + 8*y + 2. Let q be g(8). Let a(m) = -m + q + 0 - 17. Calculate a(0).
-15
Let a(k) = -3*k - 6*k + 2*k - 1. Suppose -3 = -3*h - 0. Give a(h).
-8
Let p be -3 + (-2)/(-1 + 2). Let x(o) = 3 - 4*o + 7*o + 3*o + o**2. Let b be x(p). Let s(z) = -z**3 - z**2 + z. Calculate s(b).
2
Let g(d) = -d**3 + 7*d**2 - 6*d + 6. Let r be g(6). Let t(m) = m**3 - 6*m**2 + m + 3. Give t(r).
9
Let m = 73 - 78. Let d(w) = -w**3 - 3*w**2 + 6*w - 4. Calculate d(m).
16
Let c(g) = g**3 + 8*g**2 + 8*g + 9. Let v = 14 - 10. Suppose o + 27 = -v*i - 0*o, 3*o + 25 = -4*i. Calculate c(i).
2
Let k(a) = -a**2 - 5*a + 2. Let l = -24 + 18. Give k(l).
-4
Let g(r) = -r**2 - 2*r + 3. Let z be (-2 - (2 + -1)/1)*-1. Calculate g(z).
-12
Let m(o) = -o**2 + 2*o + 2. Let t be m(3). Let q = 0 - t. Let s(n) = -6*n. Give s(q).
-6
Let b(p) be the second derivative of 1/2*p**2 + 0 - 1/6*p**3 + 4*p. Calculate b(4).
-3
Suppose 2*k + 3*y + 9 = 0, 19 = -2*k - 4*y - y. Let i(m) be the first derivative of 5*m + 1/3*m**k - 1 - 3*m**2. Determine i(4).
-3
Let v(b) be the second derivative of -b**4/12 + b**3 - 5*b**2/2 + 3*b. Give v(6).
-5
Let f be -4 + (-3 + 2)*2. Suppose 5*g - 10 = -0*g. Let u(q) = q**3 + 7*q + 2*q**2 + 0*q**3 + 5*q**g. Determine u(f).
-6
Let w be (1*(-3 - -3))/(-1). Let q(g) = g**3 + 1 - 3 + 5. Let x be q(w). Let i(y) = -2*y + 4. Determine i(x).
-2
Let n(a) be the third derivative of -a**5/30 - a**4/12 - 2*a**3/3 + a**2 - 3*a. Give n(3).
-28
Let v(x) = -3*x + 2. Let b(k) = 2*k - 1. Let d(a) = 10*b(a) + 6*v(a). What is d(2)?
6
Let g(w) = 6*w + 0 + 2 - 1 - 7*w**2 + w**3. Suppose 7 = -2*q + 19. Calculate g(q).
1
Let g(b) be the second derivative of -13*b**4/12 - b**3/3 + b**2/2 - 7*b. Calculate g(1).
-14
Let b(a) be the first derivative of a**2/2 - a + 2. Suppose 29 = 4*n + 97. Let p be 4/(-10) + n/(-5). What is b(p)?
2
Suppose 0 = 2*a + 3 - 7. Let v(n) be the third derivative of n**4/8 - n**3/6 - 11*n**2. Give v(a).
5
Let n(h) = -31*h**2 - h - 3. Let l(f) = 21*f**2 + f + 2. Let p(u) = -7*l(u) - 5*n(u). What is p(1)?
7
Let z(i) be the third derivative of 1/12*i**4 + 0*i + 0 + 1/120*i**5 + i**2 + 0*i**3 - 1/720*i**6. Let k(m) be the second derivative of z(m). Give k(-5).
6
Suppose 16*l - 100 = -9*l. Let h(i) be the first derivative of -i**2 + 4*i + 1. Give h(l).
-4
Let a(g) be the first derivative of g**2/2 + 6*g - 3. Let u be a(-8). Let m(v) = -v - 2. What is m(u)?
0
Let s(c) = -c**3 + 2*c**2 - c + 1. Let u be (14/3)/(8/12). Let p = u + -3. Suppose -p*n + 2*d - 1 = d, -n = 4*d - 21. Calculate s(n).
1
Let c(o) = o**2 + 5*o + 4. Suppose -2*f = -4*f - 4. Let j be (-8)/(-2) - (f + 1). Let u = 2 - j. What is c(u)?
-2
Let z = -3 + 8. Let j(m) be the third derivative of 1/120*m**6 + 0*m + 0 - 1/10*m**z - 1/3*m**3 + 1/6*m**4 + m**2. Give j(5).
-7
Let p(b) = -b**3 + 14*b**2 + 14*b + 18. Let j be p(15). Let r(z) = z**3 - 3*z**2 - z + 4. What is r(j)?
1
Let w = 5 - -7. Suppose -4*n = -0 - w. Let b(y) = 2*y - 1. Give b(n).
5
Let m = 8 - 8. Suppose -3*l - 12 = l. Let x(s) = -5*s - 9. Let w(c) = -4*c - 9. Let v(n) = l*x(n) + 4*w(n). Give v(m).
-9
Let h(p) = -p - 1. Suppose 3*o - 12 = -0*o. Suppose -o*s + d = 3, 0 = -4*s + 2*d - 0 - 6. Determine h(s).
-1
Suppose 0 = -4*x - 3*y + 25 - 4, 4*x + 4*y = 24. Suppose v = x*v - 10. Let i(s) be the second derivative of -s**4/12 + 7*s**3/6 - s**2 - s - 5. Determine i(v).
8
Let i(y) = 5*y**2 - 3*y + 5. Let x(u) = -4*u**2 + 3*u - 5. Let j(c) = -3*i(c) - 4*x(c). What is j(5)?
15
Let r be (4/(-2) - -2) + 1. Let f(w) = w**2 - 3*w. Let k be f(3). Let p(h) = k + 1 - 3*h + 0*h + h + 7*h**2. What is p(r)?
6
Suppose 2*v + 4*n - 5 + 7 = 0, 3*v - 3*n = 15. Let s(b) = 2*b - 3. Determine s(v).
3
Let a(h) be the first derivative of h**3/3 + 3*h**2 + 2*h + 31. Give a(-6).
2
Let p(o) = -o**3 + 10*o - 20*o - 6*o**2 - 10 + 17*o. Determine p(-7).
-10
Let t(g) be the second derivative of -3*g**4/2 + g**3/3 + g**2/2 + 16*g - 2. Calculate t(-1).
-19
Let b(o) be the second derivative of -o**8/1344 + o**7/2520 + o**6/720 + o**5/120 + o**4/12 + 5*o. Let h(k) be the third derivative of b(k). Determine h(-1).
6
Let u(p) = p**2 + 0*p**2 + p - p**2 + 2*p**2. What is u(-2)?
6
Let v be -2 - (1 + (-1)/1). Let r(l) = 40*l + l**2 - 1 - 40*l. What is r(v)?
3
Let w(p) = -p**3 + 4*p**2 - 4*p + 1. Let m = -1 - -16. Let n = m + -7. Suppose n*r - 4*q - 19 = 3*r, 3*q + 15 = 4*r. What is w(r)?
-2
Let i(q) be the third derivative of -q**5/60 - q**4/3 + 5*q**3/6 - 25*q**2. Calculate i(-8).
5
Let h(w) be the first derivative of w**3/3 - 2*w**2 - w - 2. Calculate h(5).
4
Let n(g) be the third derivative of g**5/60 + 5*g**4/24 + 2*g**3/3 + 5*g**2. Let s = 35 + -21. Suppose -6 = 5*w + s. Give n(w).
0
Let q(k) = 2*k**3 - 3*k**2 - 2*k + 2. Let a(l) = l. Suppose -n - 2 = -3*i, 3 - 4 = -n. Let x(f) = i*q(f) + 4*a(f). Determine x(2).
10
Let j(k) = k + 17. Let m be j(-12). Let z be m - 0*3/(-9). Let q(o) = -o**2 + 7*o - 5. Calculate q(z).
5
Let r(o) = o**2 - 7*o + 6. Let v(x) = -x**3 - 4*x**2 - 4. Let f be v(-3). Let h = -7 - f. Give r(h).
0
Let a(d) = 4*d**3 + 5*d**2 - 6*d - 5. Let f(m) = -7*m**3 - 9*m**2 + 11*m + 9. Let o(y) = 11*a(y) + 6*f(y). Let n be ((-10)/(-30))/((-1)/(-3)). Determine o(n).
2
Suppose -h = -4, 4*i - 1 - 3 = h. Let d(p) = -3 + 2*p - 3*p - p**i + 7*p. Let l(u) = -u**3 + 3*u + 2. Let y be l(-2). Give d(y).
5
Let p(o) = -4*o**2 - o. Let k be (-6)/9 + (-4)/(-6). Suppose 0 = -k*m + m + 2. What is p(m)?
-14
Let h(o) = -o**3 - 14*o**2 - 27*o - 30. Let k be h(-12). Let u be (-9)/(-2) - 12/8. Let s(w) = u + 6 - 3*w + 0*w. Calculate s(k).
-9
Let j = 6 + -4. Let r(k) = k**2 + 2*k**j - k + k**3 + 0*k + 3. Suppose -11 = -i - 14. Give r(i).
6
Suppose k + 4*s + 9 = -10, -3*k + 8 = -s. Let d(g) = -5*g + 1. Give d(k).
-4
Let j = -38 + 31. Let c(q) = q**3 + 6*q**2 - 6*q + 2. Calculate c(j).
-5
Let o(k) be the third derivative of -k**6/360 - k**5/20 - k**4/24 - k**3/6 - k**2. Let m(y) be the first derivative of o(y). Let c = -26 + 21. Give m(c).
4
Let u(q) = q**2 - q + 2. Let j be u(0). Suppose -j = -4*g - 46. Let r be (-6)/(-33) + 57/g. Let k(m) = -m**3 - 5*m**2 - m - 2. What is k(r)?
3
Suppose -4*g - 2*o + 4*o = -6, -4*o = -5*g + 3